alse
Is 2498310 a multiple of 327?
False
Does 4079 divide 170224957?
False
Is 2 a factor of 30651166?
True
Is 182 a factor of 5921002542?
True
Is 472 a factor of 2145911573?
False
Is 30 a factor of 67055700?
True
Is 49543484 a multiple of 12?
False
Does 3 divide 604381844?
False
Does 25 divide 40230042?
False
Is 179617085 a multiple of 2?
False
Is 1058 a factor of 501365164?
False
Is 39 a factor of 306079953?
False
Is 107 a factor of 29761274?
False
Is 1860 a factor of 83253600?
True
Does 51 divide 5293633?
False
Does 615 divide 9501955?
False
Does 270 divide 32198310?
True
Does 25 divide 2963050?
True
Is 788 a factor of 767946188?
True
Is 52 a factor of 5167425?
False
Does 4409 divide 196361140?
False
Does 16 divide 42680848?
True
Is 130573228 a multiple of 1025?
False
Is 217 a factor of 117811470?
True
Does 4274 divide 544144310?
True
Does 650 divide 46830881?
False
Is 28 a factor of 48024816?
True
Is 13986859 a multiple of 87?
False
Is 7946822 a multiple of 571?
False
Does 16 divide 114734212?
False
Does 1892 divide 361757968?
True
Does 32 divide 34471104?
True
Is 48680066 a multiple of 147?
False
Is 4092530080 a multiple of 12?
False
Does 2 divide 19995483?
False
Does 19 divide 2329571?
True
Is 157098018 a multiple of 294?
True
Is 5 a factor of 48171088?
False
Is 44096360 a multiple of 22?
True
Does 8 divide 31271416?
True
Does 31 divide 338203280?
False
Is 3747 a factor of 910659639?
True
Is 9404400 a multiple of 8?
True
Does 1105 divide 43376775?
True
Does 15 divide 7918580?
False
Is 49940385 a multiple of 879?
True
Is 32 a factor of 5189471049?
False
Does 2288 divide 983112416?
True
Does 221 divide 108335305?
True
Is 2990219775 a multiple of 5595?
True
Is 6 a factor of 461667659?
False
Does 71 divide 333934190?
False
Is 3252529448 a multiple of 56?
True
Is 131754378 a multiple of 2313?
False
Does 3042 divide 1828053396?
True
Does 44 divide 92278648?
True
Does 2204 divide 50374624?
True
Is 1394849660 a multiple of 3230?
True
Is 123 a factor of 2239445379?
True
Is 170460684 a multiple of 49?
False
Is 1326732301 a multiple of 6042?
False
Is 204 a factor of 13471822?
False
Does 92 divide 79338868?
True
Is 2821398888 a multiple of 924?
True
Does 2437 divide 538642799?
True
Does 7 divide 1823128839?
True
Is 44538022 a multiple of 225?
False
Does 1697 divide 475421338?
True
Is 298632774 a multiple of 1866?
True
Is 3832106004 a multiple of 7236?
True
Is 295434131 a multiple of 250?
False
Does 18 divide 218283048?
True
Is 73869535 a multiple of 369?
False
Does 570 divide 14024850?
True
Is 157189439 a multiple of 370?
False
Is 106 a factor of 3776674?
True
Is 4440778 a multiple of 59?
False
Is 83834700 a multiple of 113?
True
Is 92225242 a multiple of 14?
False
Is 358808526 a multiple of 2479?
False
Does 1232 divide 8286328?
False
Is 645969896 a multiple of 1508?
True
Is 123415032 a multiple of 654?
True
Is 41 a factor of 41054161?
True
Is 13 a factor of 65131209?
True
Does 27 divide 8743167?
True
Is 254475746 a multiple of 14?
True
Is 15 a factor of 3516296655?
True
Is 44629568 a multiple of 139?
False
Is 2 a factor of 1994701?
False
Does 708 divide 30378156?
True
Is 389 a factor of 14644294?
True
Is 2086828 a multiple of 1761?
False
Is 17 a factor of 372765389?
False
Is 1029 a factor of 990906397?
False
Is 4273872 a multiple of 8?
True
Does 110 divide 3416710?
True
Is 403 a factor of 394310?
False
Is 1607 a factor of 60007199?
False
Is 390526284 a multiple of 9?
False
Is 408 a factor of 79482424?
False
Does 299 divide 89246417?
True
Is 1616 a factor of 22840?
False
Is 3655 a factor of 30684806?
False
Is 22109070 a multiple of 354?
True
Does 182 divide 112046298?
True
Is 18 a factor of 64532214?
True
Is 55 a factor of 720617936?
False
Is 115614573 a multiple of 81?
False
Is 22717806 a multiple of 57?
True
Is 49608520 a multiple of 8?
True
Is 115053072 a multiple of 474?
True
Is 40259550 a multiple of 2246?
True
Is 998 a factor of 30330024?
False
Is 234 a factor of 13495995?
False
Does 5 divide 473918260?
True
Does 2059 divide 7928651?
False
Is 2214 a factor of 504278352?
True
Is 136302398 a multiple of 1761?
False
Does 61 divide 85829102?
False
Is 753 a factor of 7543390?
False
Is 692 a factor of 8512656?
False
Does 627 divide 11495804?
False
Is 18 a factor of 26799017?
False
Is 314351625 a multiple of 155?
True
Is 1290 a factor of 43723260?
True
Is 14265026 a multiple of 11?
False
Is 127604530 a multiple of 98?
False
Is 653287285 a multiple of 115?
True
Does 11 divide 362274495?
True
Is 1965346745 a multiple of 133?
False
Is 62 a factor of 460174788?
True
Does 241 divide 785931848?
True
Is 463788718 a multiple of 220?
False
Is 771 a factor of 616980414?
True
Does 10 divide 173533190?
True
Is 144 a factor of 1889014561?
False
Is 247 a factor of 28442930?
False
Is 42 a factor of 2210030446?
False
Does 75 divide 1652005164?
False
Does 24 divide 102256656?
True
Is 67242120 a multiple of 30?
True
Does 232 divide 35640223?
False
Is 21 a factor of 26614916?
False
Does 33 divide 4794009?
True
Is 658 a factor of 2983989204?
True
Does 53 divide 743792056?
False
Is 34 a factor of 180652948?
True
Is 6 a factor of 222038?
False
Is 15 a factor of 35987898?
False
Is 17943600 a multiple of 304?
True
Does 644 divide 1661520?
True
Is 4557566 a multiple of 34?
False
Is 115275579 a multiple of 472?
False
Is 612880057 a multiple of 107?
True
Is 23 a factor of 70619338?
True
Does 9 divide 2057974?
False
Is 2085 a factor of 2103594030?
True
Is 237796542 a multiple of 3273?
True
Is 421676 a multiple of 2?
True
Is 262423672 a multiple of 56?
True
Is 169481970 a multiple of 3160?
False
Is 691611 a multiple of 9?
False
Does 20 divide 124093350?
False
Is 152348064 a multiple of 352?
True
Does 3 divide 9997035?
True
Is 174 a factor of 3007068?
True
Is 32583984 a multiple of 909?
False
Is 144 a factor of 492660144?
True
Is 989 a factor of 23742923?
True
Does 334 divide 51589792?
False
Is 12 a factor of 845312421?
False
Is 9 a factor of 38360493?
True
Does 2674 divide 37085706?
True
Does 1770 divide 70488480?
True
Is 49132501 a multiple of 11?
True
Is 64 a factor of 483406720?
True
Is 316455557 a multiple of 394?
False
Is 939 a factor of 54131472?
True
Is 44 a factor of 4640278324?
True
Is 9 a factor of 59869611?
True
Is 1925 a factor of 180811400?
True
Does 212 divide 83520297?
False
Is 8 a factor of 2352960?
True
Is 1521365161 a multiple of 1845?
False
Is 125275 a multiple of 6?
False
Does 184 divide 41237712?
True
Is 262 a factor of 54969519?
False
Is 575 a factor of 802763377?
False
Is 23713566 a multiple of 978?
True
Is 927300070 a multiple of 2762?
True
Is 38179193 a multiple of 652?
False
Is 32783041 a multiple of 65?
False
Is 18 a factor of 97562390?
False
Is 222 a factor of 619712778?
True
Does 30 divide 26573010?
True
Is 28997848 a multiple of 23?
True
Is 52 a factor of 615205188?
True
Is 24 a factor of 25536974?
False
Is 159 a factor of 3914950470?
True
Is 208642265 a multiple of 305?
True
Does 4 divide 449108557?
False
Is 45622139 a multiple of 166?
False
Is 1745469 a multiple of 1959?
True
Does 18 divide 466820572?
False
Is 15909537 a multiple of 5?
False
Is 28 a factor of 17933104?
True
Is 189 a factor of 349432884?
False
Does 355 divide 2534108434?
False
Is 287485497 a multiple of 549?
True
Is 97 a factor of 113153929?
False
Is 9 a factor of 18739746?
True
Is 6048 a factor of 851672063?
False
Is 14 a factor of 270552517?
False
Is 20 a factor of 7464686306?
False
Does 10 divide 125624830?
True
Is 263 a factor of 2306172?
False
Does 123 divide 9162762?
True
Is 620 a factor of 114755128?
False
Is 1827 a factor of 1322649342?
True
Does 6 divide 160970600?
False
Is 45 a factor of 30151981?
False
Is 58974852 a multiple of 21?
False
Is 1267 a factor of 30679138?
True
Does 523 divide 531876356?
True
Does 67 divide 26750085?
True
Is 215 a factor of 56186595?
True
Is 92 a factor of 10083292?
True
Does 5 divide 8388726?
False
Is 263653414 a multiple of 141?
False
Is 1341 a factor of 1713973671?
True
Is 586926572 a multiple of 411?
False
Does 38 divide 2007568348?
True
Is 426005120 a multiple of 128?
True
Is 20906634 a multiple of 7?
True
Does 86 divide 2713042?
True
Is 514 a factor of 96044007?
False
Is 8 a factor of 464648368?
True
Does 254 divide 294837689?
False
